 Determine u(s).
-2
Suppose -4*h - 30 + 10 = 0, -4*w - 4*h - 52 = 0. Let u(n) = n. Determine u(w).
-8
Let m(v) = v**3 + v**2 + v - 5. Let z = -160 + 160. Determine m(z).
-5
Let t(y) = 0 + 9 + 4695*y - 1 - 4696*y. Give t(-5).
13
Let i be (-56)/(-7) + 3 - (2 + 2). Let g(r) = -r - 2. Determine g(i).
-9
Let i(t) be the third derivative of t**6/360 - t**5/40 + t**4/6 + 5*t**3/6 + 2*t**2. Let n(z) be the first derivative of i(z). Determine n(3).
4
Let v be 12/(-21) - (-222)/21. Let n(y) = -y**3 + 10*y**2 - y + 12. Determine n(v).
2
Let j = 1 + 0. Let f(p) = 3*p - 2. Let u be f(j). Let r(h) = 3*h**3 + 2*h**2 - 1. What is r(u)?
4
Let r(h) = -h**2 + 6*h - 7. Let a be r(4). Let j = -2 + 4. Let b(u) = j - u**2 + 2*u - 4*u + a. What is b(2)?
-5
Let l(j) = 11*j - 4. Let p(x) = 24*x - 9. Let i(u) = -13*l(u) + 6*p(u). Determine i(3).
1
Let n(y) = 13*y**3 - 9*y**2 - 9*y. Let j(f) = -11*f**3 + 8*f**2 + 8*f. Let p(d) = -6*j(d) - 5*n(d). What is p(4)?
4
Let q = 23 - -48. Let x = -46 + q. Suppose 6*s = 11*s + x. Let n(y) = -2*y**2 - 6*y. Determine n(s).
-20
Let x(f) = -11 + 4 - 181*f + 163*f. Let k(u) = -9*u - 4. Let q(t) = 5*k(t) - 3*x(t). What is q(-1)?
-8
Let j be (6/9)/(1/(-36)*3). Let v(f) = f**3 + 8*f**2 + 6*f + 7. Calculate v(j).
-41
Let g = -2 - -2. Let v(k) = -85*k - 4. Let q(f) = -31*f - 1. Let r(m) = -11*q(m) + 4*v(m). Calculate r(g).
-5
Let n(p) = -p**3 - 2*p**2 + 2. Let t be n(-2). Suppose 0 = 5*x - 25, -t*s - 5*x = -0*x - 25. Let f(y) = 1 + 2*y**2 - y**2 - 2 + s*y**2. Determine f(-2).
3
Let q(s) be the first derivative of -s**3/3 + 3*s**2/2 + 4*s + 48. Calculate q(5).
-6
Let o = 35 + -26. Suppose 5*a + s = 4*a + o, s = -2. Let i(w) = -w**2 + 10*w + 7. Determine i(a).
-4
Let q(d) = 13*d - 11. Let c(m) = 2*m - 3. Let s(z) = -5*c(z) + q(z). What is s(-5)?
-11
Let f(d) be the third derivative of d**5/60 + d**4/4 - d**3/3 + 330*d**2 + d. Let r(s) = -s**3 - 7*s**2 - 7*s - 9. Let n be r(-6). Give f(n).
-11
Let z(y) be the first derivative of -11*y + 8 - 2 + 9*y + y**2. Determine z(4).
6
Let d be 12 + -6 - -4 - 15. Let j(y) = -10*y - 3. Calculate j(d).
47
Let a(b) be the third derivative of b**5/60 + 5*b**3/6 - 106*b**2. What is a(0)?
5
Let j(y) = 2*y**2 + 14*y - 15. Let h be j(-8). Let b(q) = 2*q. Determine b(h).
2
Let d(y) = 9*y - 1. Let t be d(3). Let u = -23 + t. Let r(k) = 3 + k**2 - 6*k + 0*k + 2*k. Calculate r(u).
0
Let h(g) = g**2 - 15*g + 18. Let w = -882 + 894. Calculate h(w).
-18
Let f(p) = -4*p**2. Let a(c) = 31*c**2 + 8*c - 4. Let h(d) = -a(d) - 8*f(d). What is h(3)?
-11
Let i = 78 + -52. Suppose i*n - 20 = 31*n. Let v(m) = m - 2. Give v(n).
-6
Let q(m) = 16*m + 1. Let u be 14/(-63) - (-32)/(-18). Calculate q(u).
-31
Let u be ((-1)/(-4))/(147/24 - 6). Let b(q) = -3*q**u + 183*q - 179*q + 0*q**2. Determine b(3).
-15
Let d = 4 + -18. Let x = d + 17. Let t(q) = 2 + 4*q - q**2 - 4 - x*q**2 + q**3. Determine t(2).
-2
Suppose 2*j = 20 - 22. Let n(p) = -p. Let a be (-3)/(-3) - -3*1. Let b(w) = 4*w - 1. Let d(t) = a*n(t) - b(t). What is d(j)?
9
Suppose 2*h - 7*h = 15*h. Let a(g) be the third derivative of 1/4*g**4 + 0*g + g**3 + h - 6*g**2 + 1/60*g**5. What is a(-5)?
1
Let h(g) be the third derivative of -g**6/24 - g**5/60 - g**4/24 + g**3/6 + 2*g**2 + 14*g. Suppose 5*o - 2 - 3 = 0. Calculate h(o).
-6
Let y = 1643 + -3285/2. Let c(r) be the first derivative of 2 - 4*r + 1/3*r**3 + y*r**2. Determine c(0).
-4
Let h(x) = -x**3 + 9*x**2 - 3*x - 13. Let c(o) = 2*o**2 - o - 3. Let k(t) = 2*c(t) - h(t). Calculate k(3).
-8
Let w(v) = v**3 + 7*v**2 + v + 1. Let s be 1/((4/(-4))/7). Let g be w(s). Let q(o) = -o - 8. Calculate q(g).
-2
Let t(i) be the third derivative of -i**4/6 + 2*i**3/3 - 640*i**2. Let r(y) = -4*y**3 + y. Let z be r(1). Calculate t(z).
16
Suppose -5*j + 16*j = 33. Let n(g) = -2*g**2 + 4*g - 3. Calculate n(j).
-9
Let u be ((-12)/7)/(18/63 - 0). Let k(o) = -o**3 - 5*o**2 + 4*o - 2. Calculate k(u).
10
Let c(i) = -i**2 - 13*i - 1. Suppose 3*o = -24 - 15. Determine c(o).
-1
Let x(u) = -3*u + 12. Let g be 152/48 + -2 + 22/12. Let t(c) = 2*c - 12. Let o(w) = g*x(w) + 4*t(w). Calculate o(-9).
-3
Let g = -1 - -1. Let j = -8 - -5. Let l = g - j. Let r(x) = x**2 - 5*x - 4. Determine r(l).
-10
Let c(g) = g**3 - 7*g**2 + 6*g - 7. Suppose -4*s = -4*z + 37 + 3, -z + 4*s = 5. Let w be 6/z - 86/(-10). Suppose -2*a = -3 - w. What is c(a)?
-7
Let f(d) = 61*d**2 + 28*d**2 - 98*d**2 + 1. Determine f(2).
-35
Let b(p) = p**2 - 11*p + 12. Let g be b(10). Let f = 3 - g. Let k(q) = 7*q**3 - q**2 + q. Calculate k(f).
7
Let p(n) be the second derivative of n**5/20 - 7*n**4/12 + n**3 + n**2 + 21*n. Suppose -18 = -5*o + s - 4*s, 32 = 4*o - 2*s. Calculate p(o).
2
Let l(z) be the first derivative of z**4/4 - z**3 + 2*z - 2. Suppose -353*u + 352*u - g + 5 = 0, -4*g + 14 = u. What is l(u)?
-2
Let s(y) be the third derivative of -4/15*y**5 + 0 - 1/12*y**4 - 1/2*y**3 + 0*y + 2*y**2. Let u(k) = -k**2 - k - 1. Let p(n) = s(n) - 4*u(n). Give p(-1).
-13
Let l(q) = -q**3 - 6*q**2 - 5*q - 3. Suppose 5*o - 4*o = 2*x - 40, -3*o + 42 = 3*x. Let d = 13 - x. Give l(d).
-3
Let c(l) = -13*l + 63. Let a be c(5). Let i be 36/10 - (-8)/20. Let b(z) = -2*z - i + 1 - 7*z**2 + 8*z**2. Calculate b(a).
5
Let s(z) = 13*z - 2. Let p(u) = 7*u - 1. Let g(l) = -11*p(l) + 6*s(l). Calculate g(9).
8
Let r(k) be the first derivative of k**4/4 + k**3 + k**2 + 4*k + 4. Let p(m) = -m**2 + 1. Let z be p(2). Let h be r(z). Let s(c) = 2*c**2 + c. Determine s(h).
6
Let r be 36/10 - (-2)/5. Let t be -2 + (r - 7 - -8). Let w(y) = y**2 - y + 1. Determine w(t).
7
Let y(l) = -5*l**2 - 9*l - 4. Let p(b) = -6*b**2 - 10*b - 5. Let r(x) = -4*p(x) + 5*y(x). Let m = 317 - 321. Determine r(m).
4
Let p(v) = 3 + 2 - 54*v - v**2 + 9 + 62*v. Calculate p(9).
5
Let b(a) be the third derivative of a**6/120 - a**5/10 - a**4/6 + a**3/2 + 6*a**2 + 3. Calculate b(5).
-42
Let g(j) be the second derivative of -j**5/20 + 5*j**4/12 + 5*j**3/3 - 9*j**2/2 + 525*j. What is g(6)?
15
Let j(p) = -p - 3. Suppose 610 = 19*i - 14*i. Suppose -i*z + 16 = -124*z. What is j(z)?
5
Let f(i) = i**3 + 0*i - 34 + 3*i**2 + 36 - i. Determine f(-3).
5
Let l(j) be the third derivative of -39*j**2 + 0 + 1/8*j**4 + 0*j - 5/6*j**3. Calculate l(7).
16
Let t(i) be the second derivative of -i**3/3 + i**2/2 - 29*i. What is t(-6)?
13
Let s(l) = -2*l**2 + 6*l - 3. Suppose -5 = -2*t - 0*t - c, -4*t + 2*c + 22 = 0. Determine s(t).
-11
Let s = -4 - -7. Suppose 9 = j + s. Let f(i) = j*i**2 + 2 - i + 2*i**3 - 3*i**2 + 4*i**2 - i**3. Give f(-7).
9
Let b = -44 + 39. Let o(v) = 11 - v**2 - 13 - v**3 - 2*v**2 - 407*v + 414*v. Determine o(b).
13
Let x(b) = -b**2 - 7*b - 1. Let p = 90 + -97. Determine x(p).
-1
Let v be (-6)/9 + (-51)/(-9). Let t be (-18)/(-4) + 1/(-2). Let w(s) = -9 + 2*s + 1 - t - s. Calculate w(v).
-7
Let r(n) = 3*n - 1. Let j = -23 + 27. Let b be (-1)/(-2) - (-69)/6. Suppose -j*u - 4*t = -b, u + u - 3*t = -19. Give r(u).
-7
Let q(i) = -i**3 - 2*i**2 + 5*i + 3. Let b be q(-3). Let t be 1 - ((-30)/12 + 3/2). Let j(x) = x**3 + 0*x**2 + 5*x - 4*x + 4*x**2 + t*x. Give j(b).
0
Let z(j) be the first derivative of j**4/4 + 5*j**3/3 + 6*j - 1. Let v(t) = -t**3 - 9*t**2 - 14*t - 53. Let s be v(-8). Give z(s).
6
Let w(t) be the third derivative of -t**4/8 + t**3/6 + 103*t**2 + t. Let m = 2 - 1. Let x = m - 2. What is w(x)?
4
Let l = 139 + -133. Let u(a) = 3*a - 9. Determine u(l).
9
Let v(y) = 2*y**2 - 4*y + 4. Let n be v(1). Let b(c) = c**3 + 2*c**2 - 7*c - 3. Let m(g) = g + 1. Let h(t) = b(t) + 5*m(t). Calculate h(n).
14
Let p(c) be the first derivative of c**3/3 - 9*c**2/2 - 21. Let a(f) = 2*f**2 - 10*f. Let j(k) = -2*a(k) + 3*p(k). What is j(-3)?
12
Let s(p) = 23*p - 49. Let u be s(2). Let k(y) = 3*y**2 + 9*y + 5. Calculate k(u).
5
Let t(u) = -4*u**2 - 20 - 20*u - 11*u**2 + 30*u**2 - 4*u**2. Let s(c) = 7*c**2 - 13*c - 13. Let l(v) = 8*s(v) - 5*t(v). Determine l(6).
8
Let k(g) be the first derivative of -11 + 1/2*g**2 - 2*g. Calculate k(4).
2
Let v(c) = 13 - 13*c - 12*c - 17*c + 41*c. Give v(6).
7
Let k(a) = 18*a - 29*a + 8*a**2 - 1 - 9*a**2 + 7. Calculate k(-11).
6
Let i(u) = -14*u - 10. Let t(d) = 4*d + 3. Let f(g) = 3*i(g) + 10*t(g). Suppose -2*h = -7*h - 30. Let n be (-2)/4*h/(-3). Give f(n).
2
Let c(r) = -r + 7. Suppose 2*n + 14 = 4*b, -4*b - 2*n - 4 = -3*b. Sup